2, what is 103 + -2a5a7?
-2a4a4
In base 15, what is 54 - -880a?
885e
In base 14, what is 1020a4 - 883?
101621
In base 8, what is -36044 + -2630?
-40674
In base 4, what is 13113 + 1230102?
1303221
In base 5, what is -40323 + -22002?
-112330
In base 10, what is -4 - 1351144?
-1351148
In base 2, what is -111001000011011101110000 + 101?
-111001000011011101101011
In base 10, what is -1674793 - -244?
-1674549
In base 8, what is 112636 + 0?
112636
In base 5, what is -1313403 - 1144?
-1320102
In base 14, what is 1dc - 103a2?
-101a4
In base 5, what is -212304 - 12314?
-230123
In base 7, what is 1263264 + -5?
1263256
In base 13, what is 6c - -10c6c?
1100b
In base 14, what is 2 - 33d773?
-33d771
In base 16, what is -4 - 20d9531?
-20d9535
In base 7, what is 5104 - -5505?
13612
In base 12, what is 4 - a2689a6?
-a2689a2
In base 11, what is -1045 - -1222?
188
In base 12, what is -2191 + 10942?
a771
In base 12, what is 79 - -839573?
839630
In base 14, what is -b - -5a8a31?
5a8a24
In base 5, what is -404 + 11241131?
11240222
In base 9, what is 3 - -7483675?
7483678
In base 2, what is -10011111011000000110111111 - 100?
-10011111011000000111000011
In base 9, what is 2010 + -7610?
-5600
In base 7, what is -1100063511 + 4?
-1100063504
In base 11, what is 143128 - 614?
142614
In base 3, what is -22122 - -10112202102021?
10112202002122
In base 14, what is 13b5 - 9a?
1319
In base 16, what is -3 + -40215?
-40218
In base 10, what is -6 + 35028?
35022
In base 11, what is -52458 + -117?
-52574
In base 7, what is -2134014420 - 1?
-2134014421
In base 8, what is -252533 - 11123?
-263656
In base 4, what is 10 - -12333322312?
12333322322
In base 11, what is -597435 + -12?
-597447
In base 15, what is -8 + b00b1?
b00a8
In base 16, what is -f8 - -ae23?
ad2b
In base 12, what is 2b2853 - -2?
2b2855
In base 3, what is 111 - -1020211200001111?
1020211200001222
In base 3, what is 2002120010 + -111022021?
1121020212
In base 14, what is -7b - -58710?
58673
In base 12, what is -94 - 37547?
-3761b
In base 4, what is -23310120322 + -2032?
-23310123020
In base 3, what is -200102012211 + 20022?
-200101222112
In base 5, what is 20124433 + -12043?
20112340
In base 2, what is 1000000101011011110101101 - 101?
1000000101011011110101000
In base 15, what is -22 + 21e9b5?
21e993
In base 4, what is 21110123323 - -1112?
21110131101
In base 12, what is -1 - 1137b755?
-1137b756
In base 6, what is 31455 + 1110?
33005
In base 3, what is 100122002 - 10002200?
20112102
In base 5, what is -2 + 130034010?
130034003
In base 9, what is 2208 - 51044?
-47735
In base 15, what is -ce - -ad288?
ad1a9
In base 15, what is de4135e + -4?
de4135a
In base 13, what is -7495 - -c415?
4c50
In base 11, what is -a - 88a15?
-88a24
In base 10, what is 30 + 5490348?
5490378
In base 13, what is 5 - -b72623b?
b726243
In base 2, what is -10100010001011 - 11110011101100?
-110010101110111
In base 13, what is 7721 - -725?
8146
In base 14, what is -cc6175 - 70?
-cc6205
In base 15, what is 39 + 1bd338?
1bd372
In base 15, what is 1 + 1b5e35?
1b5e36
In base 15, what is 483 - -be14e?
be5d2
In base 10, what is -3 - 10930672?
-10930675
In base 13, what is -1ac - 539382?
-539561
In base 2, what is 1001011101011110000 - 10001100111?
1001011011010001001
In base 6, what is -30 + -400151102?
-400151132
In base 3, what is -1021212200 + -1022202010?
-2121121210
In base 13, what is 326090 + -3?
32608a
In base 5, what is -2140123 - -33130?
-2101443
In base 8, what is -42304305 + -7?
-42304314
In base 4, what is 10320221300 + -11111?
10320210123
In base 4, what is 120322 + -21011001?
-20230013
In base 16, what is 9c5 - -10c5a?
1161f
In base 5, what is -1231 + -304423440?
-304430221
In base 4, what is -20202132320 - 3213?
-20202202133
In base 13, what is 4 - -67a37c5?
67a37c9
In base 3, what is 212101002002 - 220010?
212100011222
In base 13, what is -244 - -180c?
1598
In base 3, what is -110211200 + 202100?
-110002100
In base 4, what is -23120232 + -3333?
-23130231
In base 8, what is 223 - 115255?
-115032
In base 7, what is -14352022 + -41?
-14352063
In base 11, what is 379708 + 7?
379714
In base 5, what is 4002040144 - -10?
4002040204
In base 7, what is 114 - -23030031?
23030145
In base 9, what is -3053223 + 4?
-3053218
In base 2, what is -100110010001101000 - -1000111?
-100110010000100001
In base 3, what is -120201010 - -12210020?
-100220220
In base 3, what is -111 + -12210112100122?
-12210112101010
In base 9, what is -35608827 + -1?
-35608828
In base 9, what is -14 - 64747216?
-64747231
In base 11, what is -5 - 13087892?
-13087897
In base 13, what is -4 - -1c0325a?
1c03256
In base 13, what is 91b + aba?
1708
In base 11, what is -73698a8 - 0?
-73698a8
In base 11, what is -8a5 + 17587?
16792
In base 6, what is 452 + -154152501?
-154152005
In base 11, what is 2 - -9387aa?
938801
In base 3, what is 101210010 - -11221?
101222001
In base 15, what is 18 + -119b10?
-119ae7
In base 8, what is 121 + -426436?
-426315
In base 16, what is 64 + 5644d?
564b1
In base 11, what is -65a34 - 1026?
-66a5a
In base 14, what is 21 - -250d6c?
250d8d
In base 10, what is 1538720 + -9?
1538711
In base 10, what is 17680 - 1066?
16614
In base 6, what is -514250325 - 1?
-514250330
In base 15, what is 2 + -31877e7?
-31877e5
In base 13, what is -212453 + 282?
-2121a1
In base 3, what is -1 + 2220222220202112?
2220222220202111
In base 3, what is -111222 - -222102012020?
222101200021
In base 3, what is 12020200012112020 + -1?
12020200012112012
In base 10, what is -10450793 + 0?
-10450793
In base 12, what is ab94 + 850?
b824
In base 7, what is 4 + 52344041?
52344045
In base 8, what is 452431 - 1323?
451106
In base 5, what is -442 + -1123401?
-1124343
In base 8, what is -4416600 - 156?
-4416756
In base 8, what is 0 + 43225164?
43225164
In base 12, what is 3 - 18402462?
-1840245b
In base 4, what is -32310113 - -10232003?
-22012110
In base 4, what is -100301 - -121020?
20113
In base 15, what is -16 + -b29992?
-b299a8
In base 11, what is -65786 - 192?
-65968
In base 5, what is 14243 + 10323241?
10343034
In base 6, what is 4 + 32224531?
32224535
In base 15, what is -468453 + 5?
-46844d
In base 5, what is -1111 - -1302041404?
1302040243
In base 2, what is -10000101110001100 + 0?
-10000101110001100
In base 5, what is -201 + -21210134131?
-21210134332
In base 5, what is 1 - -2112112344?
2112112400
In base 3, what is -2022222211 + 12120?
-2022210021
In base 8, what is 1 - 1446717272?
-1446717271
In base 9, what is -157052203 + 5?
-157052187
In base 10, what is 3 - -2430708?
2430711
In base 13, what is -22a66790 - 4?
-22a66794
In base 16, what is -1fc0 + -9ec?
-29ac
In base 5, what is 30144 - -24021?
104220
In base 9, what is -6 + -64505642?
-64505648
In base 6, what is 0 - -102151303?
102151303
In base 16, what is -a + 8aeb8c2?
8aeb8b8
In base 4, what is -321212301 - 112221?
-321331122
In base 10, what is 2239114 + -8?
2239106
In base 13, what is aa8 - 6c37?
-615c
In base 5, what is 22142432 + 14?
22143001
In base 3, what is 122 - 1121000211101?
-1121000210202
In base 15, what is 1d - 149761?
-149743
In base 14, what is 2c8 + -554b?
-5263
In base 5, what is -102 - 22004100?
-22004202
In base 13, what is 1c - 5c55063?
-5c55044
In base 10, what is -44193148 + -2?
-44193150
In base 15, what is d + 2760664?
2760672
In base 15, what is -13d88b2 - 0?
-13d88b2
In base 8, what is 11706 - 56?
11630
In base 15, what is -6 - -14a562?
14a55b
In base 16, what is -2361b36 + -2?
-2361b38
In base 6, what is 5 - -213320435?
213320444
In base 2, what is 11000000101011000000 + 10001000?
11000000101101001000
In base 6, what is 2 - 1033415532?
-1033415530
In base 8, what is 522603 + -147?
522434
In base 16, what is 6a + -14b79?
-14b0f
In base 13, what is 17a - -23782?
2392c
In base 7, what is -11 + 1134656406?
1134656365
In base 15, what is 76e05 + -2?
76e03
In base 13, what is -219 + -11938?
-11b54
In base 13, what is 377878 + 107?
377982
In base 7, what is 453326344 + -6?
453326335
In base 16, what is 0 - 141cfee?
-141cfee
In base 15, what is -33b35 - -21?
-33b14
In base 2, what is -1010000101011111 - 11100000101?
-1010100001100100
In base 8, what is -4 + -34423630?
-34423634
In base 14, what is 16450 + 160?
165b0
In base 16, what is 3c - -3b2b5?
3b2f1
In base 9, what is 5805340 - 3?
5805336
In base 6, what 